{"id":253,"date":"2016-09-27T03:55:18","date_gmt":"2016-09-27T03:55:18","guid":{"rendered":"http:\/\/demo.oceanthemes.net\/modis\/?page_id=253"},"modified":"2021-04-05T18:35:33","modified_gmt":"2021-04-05T18:35:33","slug":"our-services","status":"publish","type":"page","link":"https:\/\/conexaocg.com.br\/website\/our-services\/","title":{"rendered":"Servi\u00e7os"},"content":{"rendered":"<p>[vc_row css_animation=&#8221;fadeInUp&#8221; css=&#8221;.vc_custom_1581961250696{padding-top: 90px !important;padding-bottom: 90px !important;}&#8221;][vc_column width=&#8221;1\/3&#8243; animate=&#8221;fadeinup&#8221;]\r\n    <div class=\"picframe\">\r\n        <a href=\"#\">\r\n            <span class=\"overlay\">\r\n                <span class=\"pf_text\">\r\n                    <span class=\"project-name\"><\/span>\r\n                <\/span>\r\n            <\/span>\r\n        <\/a>\r\n\r\n        <img src=\"https:\/\/conexaocg.com.br\/website\/wp-content\/uploads\/2020\/02\/single-post-1-368x293-1.jpg\" alt=\"\" \/>\r\n    <\/div>\r\n\r\n    <div class=\"spacer-single\"><\/div>\r\n    <h3>Assessoria Cont\u00e1bil <span class=\"id-color pull-right\"><\/span><\/h3>\r\n    <p>A Contabilidade \u00e9 a ci\u00eancia social que trata do estudo e do controle do patrim\u00f4nio das empresas e entidades. O registro e o controle de atos e fatos administrativos fazem parte de suas pr\u00e1ticas. Como resultado tem-se as demonstra\u00e7\u00f5es cont\u00e1beis\/financeiras, essenciais para a boa gest\u00e3o das companhias. De acordo com o C\u00f3digo Civil, a escritura\u00e7\u00e3o cont\u00e1bil \u00e9 obrigat\u00f3ria para todas as empresas, exceto as MEI. Mais do que obrigat\u00f3ria, ela \u00e9 essencial. Nossos relat\u00f3rios seguem o padr\u00e3o IFRS\/CPC.<\/p>\r\n    <div class=\"spacer-half\"><\/div>\r\n\r\n[\/vc_column][vc_column width=&#8221;1\/3&#8243; animate=&#8221;fadeinup&#8221;]\r\n    <div class=\"picframe\">\r\n        <a href=\"\">\r\n            <span class=\"overlay\">\r\n                <span class=\"pf_text\">\r\n                    <span class=\"project-name\"><\/span>\r\n                <\/span>\r\n            <\/span>\r\n        <\/a>\r\n\r\n        <img src=\"https:\/\/conexaocg.com.br\/website\/wp-content\/uploads\/2020\/02\/single-post-15-368x293-1.jpg\" alt=\"\" \/>\r\n    <\/div>\r\n\r\n    <div class=\"spacer-single\"><\/div>\r\n    <h3>Assessoria Fiscal <span class=\"id-color pull-right\"><\/span><\/h3>\r\n    <p>Dentre as mat\u00e9rias cont\u00e1beis e tribut\u00e1rias, as da \u00e1rea fiscal s\u00e3o, certamente, as mais complexas e que mais sofrem altera\u00e7\u00f5es. A todo tempo as fazendas (federal, estaduais e municipais) emitem instru\u00e7\u00f5es sobre tributa\u00e7\u00e3o, sobre como incluir, sobre como mudar, sobre como alterar as regras vigentes. Os impostos e contribui\u00e7\u00f5es s\u00e3o os mais diversos; as formas de tributa\u00e7\u00e3o, de c\u00e1lculo e de compensa\u00e7\u00e3o, idem. Acompanhar todas as mudan\u00e7as exige tempo e dedica\u00e7\u00e3o integrais. \u00c9 muito importante ter uma assessoria que tenha profissionais competentes e antenados com todas as mudan\u00e7as na \u00e1rea.<\/p>\r\n    <div class=\"spacer-half\"><\/div>\r\n\r\n[\/vc_column][vc_column width=&#8221;1\/3&#8243; animate=&#8221;fadeinup&#8221;]\r\n    <div class=\"picframe\">\r\n        <a href=\"\">\r\n            <span class=\"overlay\">\r\n                <span class=\"pf_text\">\r\n                    <span class=\"project-name\"><\/span>\r\n                <\/span>\r\n            <\/span>\r\n        <\/a>\r\n\r\n        <img src=\"https:\/\/conexaocg.com.br\/website\/wp-content\/uploads\/2020\/02\/single-post-3-368x293-1.jpg\" alt=\"\" \/>\r\n    <\/div>\r\n\r\n    <div class=\"spacer-single\"><\/div>\r\n    <h3>Assessorias Legal e Societ\u00e1ria <span class=\"id-color pull-right\"><\/span><\/h3>\r\n    <p>Abrir uma empresa \u00e9 a realiza\u00e7\u00e3o de um sonho que evoluiu para projeto. Contamos com profissionais constantemente atualizados para tornar essa tarefa f\u00e1cil e r\u00e1pida, mesmo em meio \u00e0 burocracia estatal. E se, por algum motivo, os planos mudarem, encerramos sua empresa ou entidade para evitar outros custos fiscais.<\/p>\r\n    <div class=\"spacer-half\"><\/div>\r\n\r\n[\/vc_column][\/vc_row][vc_row css_animation=&#8221;fadeInUp&#8221;][vc_column width=&#8221;1\/3&#8243; animate=&#8221;fadeinup&#8221;]\r\n    <div class=\"picframe\">\r\n        <a href=\"\">\r\n            <span class=\"overlay\">\r\n                <span class=\"pf_text\">\r\n                    <span class=\"project-name\"><\/span>\r\n                <\/span>\r\n            <\/span>\r\n        <\/a>\r\n\r\n        <img src=\"https:\/\/conexaocg.com.br\/website\/wp-content\/uploads\/2020\/02\/single-post-4-368x293-1.jpg\" alt=\"\" \/>\r\n    <\/div>\r\n\r\n    <div class=\"spacer-single\"><\/div>\r\n    <h3>Assessoria\/Consultoria Patrimonial <span class=\"id-color pull-right\"><\/span><\/h3>\r\n    <p><\/p>\n<div class=\"col-xl-4 col-sm-12 col-lg-12 wow fadeInUp mb-3\" data-wow-delay=\".4s\">\n<div class=\"card\">\n<div class=\"card-body\">\n<p class=\"card-text\">O controle e a manuten\u00e7\u00e3o dos bens e direitos das empresas \u00e9 a melhor forma de evitar preju\u00edzos decorrentes de falta de manuten\u00e7\u00e3o, custos fiscais desnecess\u00e1rios por mau dimensionamento da deprecia\u00e7\u00e3o e da amortiza\u00e7\u00e3o, bem como eventuais desvios. O controle patrimonial deve ser acompanhado e sincronizado com a escritura\u00e7\u00e3o cont\u00e1bil, feita de acordo com os Princ\u00edpios Cont\u00e1beis, com as IFRS e com os CPCs.<\/p>\n<\/div>\n<\/div>\n<\/div>\n<div class=\"col-xl-4 col-sm-12 col-lg-12 wow fadeInUp mb-3\" data-wow-delay=\".1s\">\n<div class=\"card\"><\/div>\n<\/div>\n<p><\/p>\r\n    <div class=\"spacer-half\"><\/div>\r\n\r\n[\/vc_column][vc_column width=&#8221;1\/3&#8243; animate=&#8221;fadeinup&#8221;]\r\n    <div class=\"picframe\">\r\n        <a href=\"\">\r\n            <span class=\"overlay\">\r\n                <span class=\"pf_text\">\r\n                    <span class=\"project-name\"><\/span>\r\n                <\/span>\r\n            <\/span>\r\n        <\/a>\r\n\r\n        <img src=\"https:\/\/conexaocg.com.br\/website\/wp-content\/uploads\/2020\/02\/single-post-5-368x293-1.jpg\" alt=\"\" \/>\r\n    <\/div>\r\n\r\n    <div class=\"spacer-single\"><\/div>\r\n    <h3>Assessoria Previdenci\u00e1ria <span class=\"id-color pull-right\"><\/span><\/h3>\r\n    <p><\/p>\n<div class=\"col-xl-4 col-sm-12 col-lg-12 wow fadeInUp mb-3\" data-wow-delay=\".1s\">\n<div class=\"card\">\n<div class=\"card-body\">\n<p class=\"card-text\">Depois de v\u00e1rios anos de trabalho, o contribuinte da Previd\u00eancia Social desejaria encontrar um n\u00famero menor de dificuldades para alcan\u00e7ar seu direito ou para verificar se j\u00e1 pode desfrut\u00e1-lo. N\u00e3o \u00e9 o que acontece na maioria das vezes, por causa da burocracia nos \u00f3rg\u00e3os p\u00fablicos. \u00c9 verdade que a tecnologia tem facilitado e melhorado alguns servi\u00e7os, mas n\u00e3o o suficiente. Temos uma equipe apta para ajudar na solu\u00e7\u00e3o desses entraves, inclusive j\u00e1 atualizada com a Reforma da Previd\u00eancia aprovada no segundo semestre de 2019.<\/p>\n<\/div>\n<\/div>\n<\/div>\n<p><\/p>\r\n    <div class=\"spacer-half\"><\/div>\r\n\r\n[\/vc_column][vc_column width=&#8221;1\/3&#8243; animate=&#8221;fadeinup&#8221;]\r\n    <div class=\"picframe\">\r\n        <a href=\"\">\r\n            <span class=\"overlay\">\r\n                <span class=\"pf_text\">\r\n                    <span class=\"project-name\"><\/span>\r\n                <\/span>\r\n            <\/span>\r\n        <\/a>\r\n\r\n        <img src=\"https:\/\/conexaocg.com.br\/website\/wp-content\/uploads\/2020\/02\/single-post-6-368x293-1.jpg\" alt=\"\" \/>\r\n    <\/div>\r\n\r\n    <div class=\"spacer-single\"><\/div>\r\n    <h3>Assessoria Trabalhista <span class=\"id-color pull-right\"><\/span><\/h3>\r\n    <p><\/p>\n<div class=\"col-xl-4 col-sm-12 col-lg-12 wow fadeInUp mb-3\" data-wow-delay=\".2s\">\n<div class=\"card\">\n<div class=\"card-body\">\n<p class=\"card-text\">Os colaboradores s\u00e3o o maior patrim\u00f4nio de uma empresa. Seu comprometimento, conhecimentos, intelig\u00eancia, disposi\u00e7\u00e3o e todas as suas qualidades fazem toda a diferen\u00e7a entre uma empresa vencedora e outra que fica pelo caminho, ou apenas sobrevive. Atrav\u00e9s de processos modernos, oferecemos meios para que seus colaboradores tenham agilidade e seguran\u00e7a no processamento de suas informa\u00e7\u00f5es trabalhistas, com o sigilo devido em seus dados, de acordo com a Lei Geral de Prote\u00e7\u00e3o de Dados.<\/p>\n<\/div>\n<\/div>\n<\/div>\n<p><\/p>\r\n    <div class=\"spacer-half\"><\/div>\r\n\r\n[\/vc_column][\/vc_row][vc_row css_animation=&#8221;fadeInUp&#8221;][vc_column width=&#8221;1\/3&#8243; animate=&#8221;fadeinup&#8221;]\r\n    <div class=\"picframe\">\r\n        <a href=\"\">\r\n            <span class=\"overlay\">\r\n                <span class=\"pf_text\">\r\n                    <span class=\"project-name\"><\/span>\r\n                <\/span>\r\n            <\/span>\r\n        <\/a>\r\n\r\n        <img src=\"https:\/\/conexaocg.com.br\/website\/wp-content\/uploads\/2020\/02\/single-post-10-368x293-1.jpg\" alt=\"\" \/>\r\n    <\/div>\r\n\r\n    <div class=\"spacer-single\"><\/div>\r\n    <h3>Imposto de Renda <span class=\"id-color pull-right\"><\/span><\/h3>\r\n    <p><\/p>\n<div class=\"col-xl-4 col-sm-12 col-lg-12 wow fadeInUp mb-3\" data-wow-delay=\".1s\">\n<div class=\"card\">\n<div class=\"card-body\">\n<p class=\"card-text\">A Receita Federal possui, dado o n\u00edvel de obriga\u00e7\u00f5es acess\u00f3rias (informa\u00e7\u00f5es entregues \u00e0 Receita Federal, dentre outros, pelas fontes pagadoras) e dos documentos fiscais emitidos eletronicamente, controle total sobre as informa\u00e7\u00f5es que o contribuinte, pessoa f\u00edsica, ir\u00e1 declarar. Fazemos com corre\u00e7\u00e3o e asseguramo-nos, de todas as formas dispon\u00edveis, que as declara\u00e7\u00f5es por n\u00f3s elaboradas n\u00e3o trar\u00e3o problemas de reten\u00e7\u00e3o pela &#8220;malha-fina&#8221;. Nosso \u00edndice dessas reten\u00e7\u00f5es \u00e9 zero.<\/p>\n<\/div>\n<\/div>\n<\/div>\n<p><\/p>\r\n    <div class=\"spacer-half\"><\/div>\r\n\r\n[\/vc_column][vc_column width=&#8221;1\/3&#8243; animate=&#8221;fadeinup&#8221;]\r\n    <div class=\"picframe\">\r\n        <a href=\"\">\r\n            <span class=\"overlay\">\r\n                <span class=\"pf_text\">\r\n                    <span class=\"project-name\"><\/span>\r\n                <\/span>\r\n            <\/span>\r\n        <\/a>\r\n\r\n        <img src=\"https:\/\/conexaocg.com.br\/website\/wp-content\/uploads\/2020\/02\/single-post-14-368x293-1.jpg\" alt=\"\" \/>\r\n    <\/div>\r\n\r\n    <div class=\"spacer-single\"><\/div>\r\n    <h3>Treinamento <span class=\"id-color pull-right\"><\/span><\/h3>\r\n    <p><\/p>\n<section class=\"section section-md\">\n<div class=\"container\">\n<div class=\"row row40 justify-content-center align-middle\">\n<div class=\"col-xl-4 col-sm-12 col-lg-12 wow fadeInUp mb-3\" data-wow-delay=\".5s\">\n<div class=\"card\">\n<div class=\"card-body\">\n<p class=\"card-text\">As mudan\u00e7as na legisla\u00e7\u00e3o e nos procedimentos cont\u00e1beis, fiscais e tribut\u00e1rios acontecem constantemente. Por outro lado, outras obriga\u00e7\u00f5es merecem a aten\u00e7\u00e3o do empreendedor e de seus colaboradores, impedindo que estes acompanhem parte ou a totalidade dessas mudan\u00e7as. Estamos sempre atentos a essas mudan\u00e7as e, periodicamente, promovemos cursos palestras para clientes e p\u00fablico externo, a fim de transmitir conhecimento e promover as melhores pr\u00e1ticas na \u00e1rea.<\/p>\n<\/div>\n<\/div>\n<\/div>\n<\/div>\n<\/div>\n<\/section>\n<p><\/p>\r\n    <div class=\"spacer-half\"><\/div>\r\n\r\n[\/vc_column][vc_column width=&#8221;1\/3&#8243; animate=&#8221;fadeinup&#8221;]\r\n    <div class=\"picframe\">\r\n        <a href=\"\">\r\n            <span class=\"overlay\">\r\n                <span class=\"pf_text\">\r\n                    <span class=\"project-name\"><\/span>\r\n                <\/span>\r\n            <\/span>\r\n        <\/a>\r\n\r\n        <img src=\"https:\/\/conexaocg.com.br\/website\/wp-content\/uploads\/2020\/02\/single-post-12-368x293-1.jpg\" alt=\"\" \/>\r\n    <\/div>\r\n\r\n    <div class=\"spacer-single\"><\/div>\r\n    <h3>Planejamento Tribut\u00e1rio <span class=\"id-color pull-right\"><\/span><\/h3>\r\n    <p><\/p>\n<div class=\"col-xl-4 col-sm-12 col-lg-12 wow fadeInUp mb-3\" data-wow-delay=\".3s\">\n<div class=\"card\">\n<div class=\"card-body\">\n<p class=\"card-text\">Seguramente, o Brasil tem um dos mais complexos sistemas de tributa\u00e7\u00e3o do mundo, um verdadeiro labirinto. Al\u00e9m disso, h\u00e1 problemas de falta de m\u00e3o de obra qualificada, de infraestrutura e um sistema hostil ao empreendedorismo. Nesse planejamento, ap\u00f3s an\u00e1lise detalhada das particularidades da empresa, podemos definir, com seguran\u00e7a, a melhor op\u00e7\u00e3o tribut\u00e1ria e a melhor natureza jur\u00eddica, acompanhando, no decorrer do exerc\u00edcio fiscal, os resultados dessas escolhas.<\/p>\n<\/div>\n<\/div>\n<\/div>\n<p><\/p>\r\n    <div class=\"spacer-half\"><\/div>\r\n\r\n[\/vc_column][\/vc_row][vc_row css_animation=&#8221;fadeInUp&#8221;][vc_column width=&#8221;1\/3&#8243; animate=&#8221;fadeinup&#8221;]\r\n    <div class=\"picframe\">\r\n        <a href=\"\">\r\n            <span class=\"overlay\">\r\n                <span class=\"pf_text\">\r\n                    <span class=\"project-name\"><\/span>\r\n                <\/span>\r\n            <\/span>\r\n        <\/a>\r\n\r\n        <img src=\"https:\/\/conexaocg.com.br\/website\/wp-content\/uploads\/2020\/02\/single-post-11-368x293-1.jpg\" alt=\"\" \/>\r\n    <\/div>\r\n\r\n    <div class=\"spacer-single\"><\/div>\r\n    <h3>Licenciamento <span class=\"id-color pull-right\"><\/span><\/h3>\r\n    <p>Para a abertura e\/ou funcionamento, apesar das recentes medidas de desburocratiza\u00e7\u00e3o, as empresas precisam de algum tipo de licen\u00e7a, ou de v\u00e1rias. Auxiliamos o empreendedor na obten\u00e7\u00e3o e na renova\u00e7\u00e3o dessas licen\u00e7as.<\/p>\r\n    <div class=\"spacer-half\"><\/div>\r\n\r\n[\/vc_column][\/vc_row]<\/p>\n","protected":false},"excerpt":{"rendered":"<p>[vc_row css_animation=&#8221;fadeInUp&#8221; css=&#8221;.vc_custom_1581961250696{padding-top: 90px !important;padding-bottom: 90px !important;}&#8221;][vc_column width=&#8221;1\/3&#8243; animate=&#8221;fadeinup&#8221;][\/vc_column][vc_column width=&#8221;1\/3&#8243; animate=&#8221;fadeinup&#8221;][\/vc_column][vc_column width=&#8221;1\/3&#8243; animate=&#8221;fadeinup&#8221;][\/vc_column][\/vc_row][vc_row css_animation=&#8221;fadeInUp&#8221;][vc_column width=&#8221;1\/3&#8243; animate=&#8221;fadeinup&#8221;][\/vc_column][vc_column width=&#8221;1\/3&#8243; animate=&#8221;fadeinup&#8221;][\/vc_column][vc_column width=&#8221;1\/3&#8243; animate=&#8221;fadeinup&#8221;][\/vc_column][\/vc_row][vc_row css_animation=&#8221;fadeInUp&#8221;][vc_column width=&#8221;1\/3&#8243; animate=&#8221;fadeinup&#8221;][\/vc_column][vc_column width=&#8221;1\/3&#8243; animate=&#8221;fadeinup&#8221;][\/vc_column][vc_column width=&#8221;1\/3&#8243; animate=&#8221;fadeinup&#8221;][\/vc_column][\/vc_row][vc_row css_animation=&#8221;fadeInUp&#8221;][vc_column width=&#8221;1\/3&#8243; animate=&#8221;fadeinup&#8221;][\/vc_column][\/vc_row]<\/p>\n","protected":false},"author":2,"featured_media":0,"parent":0,"menu_order":6,"comment_status":"closed","ping_status":"closed","template":"page-templates\/template-fullwidth.php","meta":[],"_links":{"self":[{"href":"https:\/\/conexaocg.com.br\/website\/wp-json\/wp\/v2\/pages\/253"}],"collection":[{"href":"https:\/\/conexaocg.com.br\/website\/wp-json\/wp\/v2\/pages"}],"about":[{"href":"https:\/\/conexaocg.com.br\/website\/wp-json\/wp\/v2\/types\/page"}],"author":[{"embeddable":true,"href":"https:\/\/conexaocg.com.br\/website\/wp-json\/wp\/v2\/users\/2"}],"replies":[{"embeddable":true,"href":"https:\/\/conexaocg.com.br\/website\/wp-json\/wp\/v2\/comments?post=253"}],"version-history":[{"count":18,"href":"https:\/\/conexaocg.com.br\/website\/wp-json\/wp\/v2\/pages\/253\/revisions"}],"predecessor-version":[{"id":1377,"href":"https:\/\/conexaocg.com.br\/website\/wp-json\/wp\/v2\/pages\/253\/revisions\/1377"}],"wp:attachment":[{"href":"https:\/\/conexaocg.com.br\/website\/wp-json\/wp\/v2\/media?parent=253"}],"curies":[{"name":"wp","href":"https:\/\/api.w.org\/{rel}","templated":true}]}}